{"id":945,"date":"2017-01-26T17:32:54","date_gmt":"2017-01-26T17:32:54","guid":{"rendered":"http:\/\/www.joenessa.org\/?page_id=945"},"modified":"2020-05-12T09:46:15","modified_gmt":"2020-05-12T09:46:15","slug":"trabajo","status":"publish","type":"page","link":"https:\/\/www.joenessa.org\/es\/servicios\/trabajo\/","title":{"rendered":"Trabajo"},"content":{"rendered":"<p>[vc_row full_width=\u00bbstretch_row_content\u00bb bg_type=\u00bbimage\u00bb parallax_style=\u00bbvcpb-vz-jquery\u00bb bg_image_new=\u00bb1233|http:\/\/www.joenessa.org\/wp-content\/uploads\/2017\/01\/trabajo-2.jpg\u00bb bg_image_repeat=\u00bbno-repeat\u00bb bg_image_size=\u00bbinitial\u00bb bg_img_attach=\u00bbfixed\u00bb css=\u00bb.vc_custom_1589276771407{padding-top: 30px !important;padding-bottom: 30px !important;background-color: #e2e1e4 !important;background-position: 0 0 !important;background-repeat: no-repeat !important;}\u00bb el_class=\u00bbslider-portada\u00bb][vc_column][vc_custom_heading text=\u00bbTrabajo\u00bb font_container=\u00bbtag:h1|text_align:center\u00bb google_fonts=\u00bbfont_family:Open%20Sans%3A300%2C300italic%2Cregular%2Citalic%2C600%2C600italic%2C700%2C700italic%2C800%2C800italic|font_style:400%20regular%3A400%3Anormal\u00bb el_class=\u00bbtitulo-destacado\u00bb][\/vc_column][\/vc_row][vc_row full_width=\u00bbstretch_row\u00bb css=\u00bb.vc_custom_1485455321025{padding-top: 30px !important;padding-bottom: 30px !important;background-color: #e8e8e8 !important;}\u00bb][vc_column width=\u00bb1\/2&#8243; css=\u00bb.vc_custom_1485455311706{padding-bottom: 0px !important;padding-left: 40px !important;}\u00bb][vc_column_text css=\u00bb.vc_custom_1523636566900{padding-bottom: 75px !important;}\u00bb]<\/p>\n<ul>\n<li><span style=\"color: #0084a0;\"><strong>Bolsa Joven de Trabajo:<\/strong><\/span> servicio que ofrece la Oficina de Joenessa del Conselh Generau d\u2019Aran que tiene como objetivo poner en el contacto a los j\u00f3venes que buscan un trabajo con las empresas que ofrecen plazas laborales.<\/li>\n<\/ul>\n<ul>\n<li><span style=\"color: #0084a0;\"><strong>Formaci\u00f3n:<\/strong><\/span> se programan cursos para que los j\u00f3venes adquieran actitudes y aptitudes laborales que les permitan mejorar su curr\u00edculum seg\u00fan la necesidad y la demanda que ellos tienen. Para realizar estas formaciones se colabora con otros departamentos del Conselh Generau d\u2019Aran y de otros servicios, entidades e instituciones de la Val d\u2019Aran.<\/li>\n<\/ul>\n<ul>\n<li><span style=\"color: #0084a0;\"><strong>Asesoramiento:<\/strong><\/span> a los j\u00f3venes en el proceso de b\u00fasqueda de trabajo, en orientaci\u00f3n laboral, en discriminaci\u00f3n laboral, en derechos laborales, en emprendedoria, en contratos, en nominas, en ayudas,\u2026 Si es necesario se les deriva al servicio especializado de asesoramiento laboral y jur\u00eddico, servicio ofrecido tambi\u00e9n por nuestra Oficina.<\/li>\n<\/ul>\n<ul>\n<li><span style=\"color: #0084a0;\"><strong>Promoci\u00f3n de la emprendedoria:<\/strong><\/span> asesoramiento y acompa\u00f1amiento a los j\u00f3venes que quieren emprender. Organizaci\u00f3n de espacios para compartir experiencias entre j\u00f3venes emprendedores, j\u00f3venes que quieren emprender y otros profesionales.<\/li>\n<\/ul>\n<ul>\n<li><span style=\"color: #0084a0;\"><strong>Programa Garant\u00eda Juvenil (PGJ):<\/strong><\/span> promoci\u00f3n y difusi\u00f3n del programa, informaci\u00f3n de los recursos y programas gen\u00e9ricos para personas j\u00f3venes, con especial importancia de toda aquella informaci\u00f3n destacada en los \u00e1mbitos formativos y laborales, apoyo a la inscripci\u00f3n aut\u00f3noma de las personas j\u00f3venes en el registro de Garant\u00eda Juvenil, seguimiento y tutorizaci\u00f3n de las personas j\u00f3venes durante y despu\u00e9s de su participaci\u00f3n en las diferentes pol\u00edticas activas de ocupaci\u00f3n o en los programas espec\u00edficos que se articulen en el PGJ y relaci\u00f3n y coordinaci\u00f3n con las entidades y otros organismos que participen en el PGJ.<\/li>\n<\/ul>\n<p>[\/vc_column_text][\/vc_column][vc_column width=\u00bb1\/2&#8243; css=\u00bb.vc_custom_1485455303736{padding-right: 20px !important;padding-bottom: 20px !important;}\u00bb][vc_single_image image=\u00bb950&#8243; img_size=\u00bb600&#215;600&#8243; alignment=\u00bbcenter\u00bb css=\u00bb.vc_custom_1485452674352{padding-right: 20px !important;padding-bottom: 5px !important;}\u00bb][\/vc_column][\/vc_row][vc_row][vc_column][vc_column_text]<\/p>\n<h1 style=\"text-align: center;\">Enlaces de inter\u00e9s<\/h1>\n<p>[\/vc_column_text][\/vc_column][\/vc_row][vc_row][vc_column width=\u00bb1\/2&#8243;][vc_column_text]<\/p>\n<ul>\n<li>SOC, Servei d\u2019Ocupaci\u00f3 de Catalunya<\/li>\n<\/ul>\n<p><a href=\"https:\/\/www.oficinadetreball.gencat.cat\/\">https:\/\/www.oficinadetreball.gencat.cat\/<\/a><\/p>\n<p><a href=\"https:\/\/feinaactiva.gencat.cat\/\">https:\/\/feinaactiva.gencat.cat\/<\/a><\/p>\n<ul>\n<li>Departament de treball<\/li>\n<\/ul>\n<p><a href=\"http:\/\/web.gencat.cat\/ca\/temes\/treball\/\">http:\/\/web.gencat.cat\/ca\/temes\/treball\/<\/a><\/p>\n<ul>\n<li>Convenis collectius<\/li>\n<\/ul>\n<p><a href=\"http:\/\/treball.gencat.cat\/ca\/consell_relacions_laborals\/convenis_colectius\/cercador_de_convenis\/\">http:\/\/treball.gencat.cat\/ca\/consell_relacions_laborals\/<\/a><\/p>\n<ul>\n<li>SEPE, Servicio Publico de Empleo Estatal<\/li>\n<\/ul>\n<p><a href=\"https:\/\/www.sepe.es\/\">https:\/\/www.sepe.es\/<\/a>[\/vc_column_text][\/vc_column][vc_column width=\u00bb1\/2&#8243;][vc_column_text]<\/p>\n<ul>\n<li>Portaus entara recerca de trabalh:<\/li>\n<\/ul>\n<p><a href=\"http:\/\/www.infofeina.com\/\">http:\/\/www.infofeina.com\/<\/a><\/p>\n<p><a href=\"http:\/\/trobarefeina.com\/\">http:\/\/trobarefeina.com\/<\/a><\/p>\n<p><a href=\"http:\/\/www.bicat.cat\/\">http:\/\/www.bicat.cat\/<\/a><\/p>\n<p><a href=\"http:\/\/www.catalunyawork.com\/\">http:\/\/www.catalunyawork.com\/<\/a><\/p>\n<p><a href=\"https:\/\/www.infojobs.net\/\">https:\/\/www.infojobs.net\/<\/a><\/p>\n<ul>\n<li>Ag\u00e8ncia tributaria<\/li>\n<\/ul>\n<p><a href=\"http:\/\/www.agenciatributaria.es\/\">http:\/\/www.agenciatributaria.es\/<\/a><\/p>\n<ul>\n<li>Seguretat sociau<\/li>\n<\/ul>\n<p><a href=\"http:\/\/www.seg-social.es\/\">http:\/\/www.seg-social.es\/<\/a><\/p>\n<p>.[\/vc_column_text][\/vc_column][\/vc_row]<\/p>\n","protected":false},"excerpt":{"rendered":"<p>[vc_row full_width=\u00bbstretch_row_content\u00bb bg_type=\u00bbimage\u00bb parallax_style=\u00bbvcpb-vz-jquery\u00bb bg_image_new=\u00bb1233|http:\/\/www.joenessa.org\/wp-content\/uploads\/2017\/01\/trabajo-2.jpg\u00bb bg_image_repeat=\u00bbno-repeat\u00bb bg_image_size=\u00bbinitial\u00bb bg_img_attach=\u00bbfixed\u00bb css=\u00bb.vc_custom_1589276771407{padding-top: 30px [&hellip;]<\/p>\n","protected":false},"author":3,"featured_media":0,"parent":942,"menu_order":0,"comment_status":"closed","ping_status":"closed","template":"","meta":[],"_links":{"self":[{"href":"https:\/\/www.joenessa.org\/es\/wp-json\/wp\/v2\/pages\/945"}],"collection":[{"href":"https:\/\/www.joenessa.org\/es\/wp-json\/wp\/v2\/pages"}],"about":[{"href":"https:\/\/www.joenessa.org\/es\/wp-json\/wp\/v2\/types\/page"}],"author":[{"embeddable":true,"href":"https:\/\/www.joenessa.org\/es\/wp-json\/wp\/v2\/users\/3"}],"replies":[{"embeddable":true,"href":"https:\/\/www.joenessa.org\/es\/wp-json\/wp\/v2\/comments?post=945"}],"version-history":[{"count":28,"href":"https:\/\/www.joenessa.org\/es\/wp-json\/wp\/v2\/pages\/945\/revisions"}],"predecessor-version":[{"id":1921,"href":"https:\/\/www.joenessa.org\/es\/wp-json\/wp\/v2\/pages\/945\/revisions\/1921"}],"up":[{"embeddable":true,"href":"https:\/\/www.joenessa.org\/es\/wp-json\/wp\/v2\/pages\/942"}],"wp:attachment":[{"href":"https:\/\/www.joenessa.org\/es\/wp-json\/wp\/v2\/media?parent=945"}],"curies":[{"name":"wp","href":"https:\/\/api.w.org\/{rel}","templated":true}]}}

<p>[vc_row full_width=»stretch_row_content» bg_type=»image» parallax_style=»vcpb-vz-jquery» bg_image_new=»1233|http://www.joenessa.org/wp-content/uploads/2017/01/trabajo-2.jpg» bg_image_repeat=»no-repeat» bg_image_size=»initial» bg_img_attach=»fixed» css=».vc_custom_1589276771407{padding-top: 30px !important;padding-bottom: 30px !important;background-color: #e2e1e4 !important;background-position: 0 0 !important;background-repeat: no-repeat !important;}» el_class=»slider-portada»][vc_column][vc_custom_heading text=»Trabajo» font_container=»tag:h1|text_align:center» google_fonts=»font_family:Open%20Sans%3A300%2C300italic%2Cregular%2Citalic%2C600%2C600italic%2C700%2C700italic%2C800%2C800italic|font_style:400%20regular%3A400%3Anormal» el_class=»titulo-destacado»][/vc_column][/vc_row][vc_row full_width=»stretch_row» css=».vc_custom_1485455321025{padding-top: 30px !important;padding-bottom: 30px !important;background-color: #e8e8e8 !important;}»][vc_column width=»1/2&#8243; css=».vc_custom_1485455311706{padding-bottom: 0px !important;padding-left: 40px !important;}»][vc_column_text css=».vc_custom_1523636566900{padding-bottom: 75px !important;}»]</p>
<ul>
<li><span style="color: #0084a0;"><strong>Bolsa Joven de Trabajo:</strong></span> servicio que ofrece la Oficina de Joenessa del Conselh Generau d’Aran que tiene como objetivo poner en el contacto a los jóvenes que buscan un trabajo con las empresas que ofrecen plazas laborales.</li>
</ul>
<ul>
<li><span style="color: #0084a0;"><strong>Formación:</strong></span> se programan cursos para que los jóvenes adquieran actitudes y aptitudes laborales que les permitan mejorar su currículum según la necesidad y la demanda que ellos tienen. Para realizar estas formaciones se colabora con otros departamentos del Conselh Generau d’Aran y de otros servicios, entidades e instituciones de la Val d’Aran.</li>
</ul>
<ul>
<li><span style="color: #0084a0;"><strong>Asesoramiento:</strong></span> a los jóvenes en el proceso de búsqueda de trabajo, en orientación laboral, en discriminación laboral, en derechos laborales, en emprendedoria, en contratos, en nominas, en ayudas,… Si es necesario se les deriva al servicio especializado de asesoramiento laboral y jurídico, servicio ofrecido también por nuestra Oficina.</li>
</ul>
<ul>
<li><span style="color: #0084a0;"><strong>Promoción de la emprendedoria:</strong></span> asesoramiento y acompañamiento a los jóvenes que quieren emprender. Organización de espacios para compartir experiencias entre jóvenes emprendedores, jóvenes que quieren emprender y otros profesionales.</li>
</ul>
<ul>
<li><span style="color: #0084a0;"><strong>Programa Garantía Juvenil (PGJ):</strong></span> promoción y difusión del programa, información de los recursos y programas genéricos para personas jóvenes, con especial importancia de toda aquella información destacada en los ámbitos formativos y laborales, apoyo a la inscripción autónoma de las personas jóvenes en el registro de Garantía Juvenil, seguimiento y tutorización de las personas jóvenes durante y después de su participación en las diferentes políticas activas de ocupación o en los programas específicos que se articulen en el PGJ y relación y coordinación con las entidades y otros organismos que participen en el PGJ.</li>
</ul>
<p>[/vc_column_text][/vc_column][vc_column width=»1/2&#8243; css=».vc_custom_1485455303736{padding-right: 20px !important;padding-bottom: 20px !important;}»][vc_single_image image=»950&#8243; img_size=»600&#215;600&#8243; alignment=»center» css=».vc_custom_1485452674352{padding-right: 20px !important;padding-bottom: 5px !important;}»][/vc_column][/vc_row][vc_row][vc_column][vc_column_text]</p>
<h1 style="text-align: center;">Enlaces de interés</h1>
<p>[/vc_column_text][/vc_column][/vc_row][vc_row][vc_column width=»1/2&#8243;][vc_column_text]</p>
<ul>
<li>SOC, Servei d’Ocupació de Catalunya</li>
</ul>
<p><a href="https://www.oficinadetreball.gencat.cat/">https://www.oficinadetreball.gencat.cat/</a></p>
<p><a href="https://feinaactiva.gencat.cat/">https://feinaactiva.gencat.cat/</a></p>
<ul>
<li>Departament de treball</li>
</ul>
<p><a href="http://web.gencat.cat/ca/temes/treball/">http://web.gencat.cat/ca/temes/treball/</a></p>
<ul>
<li>Convenis collectius</li>
</ul>
<p><a href="http://treball.gencat.cat/ca/consell_relacions_laborals/convenis_colectius/cercador_de_convenis/">http://treball.gencat.cat/ca/consell_relacions_laborals/</a></p>
<ul>
<li>SEPE, Servicio Publico de Empleo Estatal</li>
</ul>
<p><a href="https://www.sepe.es/">https://www.sepe.es/</a>[/vc_column_text][/vc_column][vc_column width=»1/2&#8243;][vc_column_text]</p>
<ul>
<li>Portaus entara recerca de trabalh:</li>
</ul>
<p><a href="http://www.infofeina.com/">http://www.infofeina.com/</a></p>
<p><a href="http://trobarefeina.com/">http://trobarefeina.com/</a></p>
<p><a href="http://www.bicat.cat/">http://www.bicat.cat/</a></p>
<p><a href="http://www.catalunyawork.com/">http://www.catalunyawork.com/</a></p>
<p><a href="https://www.infojobs.net/">https://www.infojobs.net/</a></p>
<ul>
<li>Agència tributaria</li>
</ul>
<p><a href="http://www.agenciatributaria.es/">http://www.agenciatributaria.es/</a></p>
<ul>
<li>Seguretat sociau</li>
</ul>
<p><a href="http://www.seg-social.es/">http://www.seg-social.es/</a></p>
<p>.[/vc_column_text][/vc_column][/vc_row]</p>
